2225?
True
Is 295349 a multiple of 203?
False
Is 19827042 a multiple of 1333?
True
Does 86 divide 1659284?
True
Is 32 a factor of 3879840?
True
Is 10304 a multiple of 112?
True
Is 33048 a multiple of 34?
True
Does 52 divide 4552605?
False
Is 26 a factor of 936104?
True
Does 589 divide 75392?
True
Does 3 divide 18067?
False
Is 198 a factor of 5289045?
False
Is 11 a factor of 1658314?
False
Is 913518 a multiple of 27?
True
Does 5 divide 3305?
True
Is 10909 a multiple of 2?
False
Does 11 divide 5780264?
False
Does 4 divide 1125?
False
Is 22106 a multiple of 479?
False
Is 386958 a multiple of 429?
True
Is 146 a factor of 73124?
False
Does 14 divide 105756?
True
Is 29 a factor of 33486?
False
Does 784 divide 226576?
True
Is 23 a factor of 715484?
True
Is 552092 a multiple of 8?
False
Does 98 divide 1624840?
True
Does 127 divide 18474511?
False
Is 333250 a multiple of 8?
False
Is 56 a factor of 398107?
False
Is 65213 a multiple of 159?
False
Does 129 divide 426470?
False
Does 13 divide 6643525?
False
Is 11164512 a multiple of 16?
True
Is 638 a factor of 8058578?
True
Does 75 divide 15107?
False
Is 222441 a multiple of 159?
True
Does 13 divide 819244?
False
Is 31627245 a multiple of 59?
True
Is 17 a factor of 443343?
True
Is 1199749 a multiple of 19?
False
Is 34 a factor of 1066444?
True
Is 702 a factor of 2429038?
False
Does 58 divide 45936?
True
Is 29 a factor of 2286650?
True
Is 3982653 a multiple of 38?
False
Does 16 divide 545552?
True
Is 49 a factor of 1270915?
False
Is 92 a factor of 42808?
False
Is 902136 a multiple of 417?
False
Does 152 divide 948422?
False
Is 165328 a multiple of 41?
False
Is 157386 a multiple of 22?
False
Is 22 a factor of 5440116?
True
Is 795852 a multiple of 108?
True
Is 46 a factor of 224066?
True
Is 1966847 a multiple of 6?
False
Is 809237 a multiple of 370?
False
Does 13 divide 3164894?
False
Is 69 a factor of 235635?
True
Does 596 divide 2103039?
False
Is 414193 a multiple of 5?
False
Does 6 divide 637255?
False
Is 1450921 a multiple of 272?
False
Is 70851 a multiple of 357?
False
Is 16 a factor of 1474961?
False
Is 2169099 a multiple of 81?
True
Is 56169 a multiple of 41?
False
Does 17 divide 156009?
True
Does 62 divide 354950?
True
Does 161 divide 38962?
True
Is 1372355 a multiple of 2?
False
Does 28 divide 377418?
False
Is 86231 a multiple of 22?
False
Is 1333827 a multiple of 9?
True
Is 9249594 a multiple of 186?
True
Is 57058 a multiple of 118?
False
Is 92 a factor of 2955500?
True
Is 412 a factor of 130138?
False
Is 148 a factor of 280460?
True
Is 363127 a multiple of 31?
False
Does 123 divide 11996759?
False
Is 13 a factor of 8219328?
True
Does 4 divide 84020?
True
Does 14 divide 837242?
True
Does 121 divide 223850?
True
Is 169 a factor of 122694?
True
Is 59 a factor of 11446?
True
Is 10 a factor of 2220960?
True
Is 9418570 a multiple of 5?
True
Is 556176 a multiple of 3?
True
Is 12 a factor of 84528?
True
Is 43095282 a multiple of 417?
True
Is 49 a factor of 48485?
False
Is 119621 a multiple of 58?
False
Is 550935 a multiple of 33?
True
Does 5 divide 2753680?
True
Is 8149032 a multiple of 248?
True
Does 119 divide 12584877?
False
Is 13 a factor of 2022462?
True
Is 19 a factor of 18354?
True
Is 5854 even?
True
Is 461715 a multiple of 15?
True
Is 8 a factor of 137984?
True
Is 29862 a multiple of 27?
True
Is 7 a factor of 200158?
True
Is 25 a factor of 5399075?
True
Is 237 a factor of 156772?
False
Is 295 a factor of 93952?
False
Is 6882998 a multiple of 7?
False
Is 592 a factor of 5831200?
True
Does 36 divide 11016?
True
Does 677 divide 1324522?
False
Is 427 a factor of 596929?
False
Is 667360 a multiple of 56?
False
Is 382 a factor of 890582?
False
Is 39 a factor of 619125?
True
Is 266 a factor of 100548?
True
Is 152202 a multiple of 8?
False
Does 12 divide 235987?
False
Is 57 a factor of 111663?
True
Is 3877373 a multiple of 23?
False
Is 44 a factor of 88781?
False
Is 52 a factor of 1902097?
False
Does 32 divide 8508992?
True
Does 96 divide 1875165?
False
Does 14 divide 16102?
False
Is 42 a factor of 2288?
False
Is 5 a factor of 5675?
True
Does 14 divide 18314212?
True
Is 22 a factor of 612889?
False
Does 36 divide 130140?
True
Is 9793804 a multiple of 461?
False
Is 310 a factor of 1654780?
True
Does 147 divide 877443?
True
Is 539792 a multiple of 49?
False
Is 187892 a multiple of 12?
False
Is 7 a factor of 80836?
True
Does 82 divide 10062384?
True
Is 72 a factor of 1673869?
False
Is 256017 a multiple of 183?
True
Does 3 divide 1639075?
False
Does 5 divide 262820?
True
Is 71544 a multiple of 33?
True
Is 975971 a multiple of 83?
False
Is 8141 a multiple of 11?
False
Does 8 divide 267520?
True
Is 316548 a multiple of 47?
False
Is 152641 a multiple of 287?
False
Is 232336 a multiple of 52?
True
Is 194582 a multiple of 19?
False
Is 64 a factor of 35122?
False
Does 102 divide 203805?
False
Does 26 divide 408436?
False
Is 10 a factor of 7177183?
False
Does 5 divide 174878?
False
Is 1587 a factor of 9110913?
False
Does 17 divide 259161?
False
Does 177 divide 130095?
True
Does 67 divide 2361750?
True
Does 149 divide 573501?
True
Is 20174 a multiple of 3?
False
Is 24 a factor of 4614912?
True
Is 2492694 a multiple of 18?
True
Is 43706 a multiple of 41?
True
Is 2161313 a multiple of 634?
False
Is 29 a factor of 6842318?
True
Is 3429021 a multiple of 49?
False
Is 205043 a multiple of 7?
False
Does 124 divide 247752?
True
Is 6 a factor of 1266135?
False
Is 49920 a multiple of 11?
False
Is 374 a factor of 15634132?
False
Is 822 a factor of 3226350?
True
Is 15109669 a multiple of 105?
False
Does 8 divide 69376?
True
Is 455850 a multiple of 9?
True
Is 10 a factor of 1821866?
False
Does 9 divide 107586?
True
Does 169 divide 139214?
False
Does 65 divide 227955?
True
Is 446334 a multiple of 14?
True
Does 29 divide 1939291?
False
Is 7 a factor of 19806010?
True
Is 51 a factor of 75165?
False
Does 389 divide 367216?
True
Is 16348 a multiple of 268?
True
Is 19 a factor of 31103?
True
Does 308 divide 955108?
True
Is 299 a factor of 415610?
True
Does 10 divide 4179610?
True
Does 50 divide 94700?
True
Is 246015 a multiple of 15?
True
Is 10 a factor of 7154980?
True
Is 319872 a multiple of 49?
True
Does 70 divide 618660?
True
Is 1532854 a multiple of 6?
False
Does 205 divide 62740?
False
Does 253 divide 12445323?
True
Is 863472 a multiple of 135?
False
Does 243 divide 75816?
True
Is 2470180 a multiple of 10?
True
Is 114 a factor of 465120?
True
Does 66 divide 2351976?
True
Is 169130 a multiple of 13?
True
Is 91914 a multiple of 5?
False
Is 1520423 a multiple of 36?
False
Is 27 a factor of 53078?
False
Does 25 divide 297327?
False
Is 45 a factor of 32805?
True
Is 9197694 a multiple of 11?
True
Is 8447376 a multiple of 217?
True
Is 154432 a multiple of 8?
True
Is 470 a factor of 15542430?
True
Is 329018 a multiple of 42?
False
Does 195 divide 12494040?
True
Is 592 a factor of 15295117?
False
Does 1097 divide 5410154?
False
Is 9704282 a multiple of 159?
False
Is 93 a factor of 1694646?
True
Does 385 divide 3812270?
True
Does 4 divide 58649?
False
Does 34 divide 107270?
True
Is 47 a factor of 3097322?
False
Is 3240580 a multiple of 14?
True
Is 1938125 a multiple of 175?
True
Is 34 a factor of 2912?
False
Is 24 a factor of 20424?
True
Is 2965210 a multiple of 122?
True
Does 347 divide 185645?
True
Is 118 a factor of 738916?
True
Is 5 a factor of 604933?
False
Does 911 divide 3285066?
True
Is 83 a factor of 241460?
False
Is 199080 a multiple of 3?
True
Is 85 a factor of 2583407?
False
Does 339 divide 38500215?
False
Is 58 a factor of 1010244?
True
Does 672 divide 6636779?
False
Is 19 a factor of 156540?
False
Is 172899 a multiple of 35?
False
Does 22 divide 555192?
True
Does 610 divide 47395?
False
Is 16 a factor of 1606097?
False
Is 17 a factor of 15362067?
True
Is 24836 a multiple of 61?
False
Is 10 a factor of 3110730?
True
Is 78195 a multiple of 9?
False
Does 11 divide 141537?
True
Is 4074136 a multiple of 268?
True
Is 80877 a multiple of 7?
False
Does 110 divide 4402616?
False
Is 353 a factor of 344528?
True
Is 166 a factor of 1445179?
False
Is 10 a factor of 917759?
False
Is 44 a factor of 114840?
True
Does 342 divide 95822?
False
Is 80 a factor of 2591200?
True
Does 78 divide 8502?
True
Is 37 a factor of 11442250?
True
Is 6597